{"id":927,"date":"2018-02-27T09:58:45","date_gmt":"2018-02-27T08:58:45","guid":{"rendered":"http:\/\/localhost:8888\/?page_id=927"},"modified":"2023-03-17T10:01:06","modified_gmt":"2023-03-17T09:01:06","slug":"jobs","status":"publish","type":"page","link":"https:\/\/www.strauch-lu.de\/kommunal\/jobs\/","title":{"rendered":"Jobs"},"content":{"rendered":"<div id=\"pl-927\"  class=\"panel-layout\" ><div id=\"pg-927-0\"  class=\"panel-grid panel-no-style\" ><div id=\"pgc-927-0-0\"  class=\"panel-grid-cell\" ><div id=\"panel-927-0-0-0\" class=\"so-panel widget widget_text panel-first-child panel-last-child\" data-index=\"0\" ><h3 class=\"widget-title\">Verst\u00e4rken Sie unser Team!<\/h3>\t\t\t<div class=\"textwidget\"><\/div>\n\t\t<\/div><\/div><\/div><div id=\"pg-927-1\"  class=\"panel-grid panel-no-style\" ><div id=\"pgc-927-1-0\"  class=\"panel-grid-cell\" ><div id=\"panel-927-1-0-0\" class=\"so-panel widget widget_text panel-first-child panel-last-child\" data-index=\"1\" >\t\t\t<div class=\"textwidget\"><p><strong>Wir suchen laufend motivierte, qualifizierte und erfahrene Mitarbeiter\/innen f\u00fcr unser Team.<\/strong><\/p>\n<p>Sie sind<br \/>\n<strong>&#8211;\u00a0Garten- und Landschaftspfleger\/-in<\/strong><br \/>\n<strong>&#8211; Zweiwegebaggerfahrer\/-in \/ Triebfahrzeugf\u00fchrer\/-in<\/strong><\/p>\n<p>Dann senden Sie uns Ihre Initiativbewerbung zu:<br \/>\n<a href=\"mailto:bewerbung@johannes-janssen.com\">bewerbung@johannes-janssen.com<\/a><\/p>\n<\/div>\n\t\t<\/div><\/div><div id=\"pgc-927-1-1\"  class=\"panel-grid-cell\" ><div id=\"panel-927-1-1-0\" class=\"so-panel widget widget_text panel-first-child\" data-index=\"2\" >\t\t\t<div class=\"textwidget\"><p><strong>Sie haben Fragen zum Bewerbungsprozess oder unseren Stellenangeboten?<\/strong><\/p>\n<\/div>\n\t\t<\/div><div id=\"panel-927-1-1-1\" class=\"so-panel widget widget_siteorigin-panels-builder panel-last-child\" data-index=\"3\" ><div id=\"pl-w64142bf7dbbc8\"  class=\"panel-layout\" ><div id=\"pg-w64142bf7dbbc8-0\"  class=\"panel-grid panel-no-style\" ><div id=\"pgc-w64142bf7dbbc8-0-0\"  class=\"panel-grid-cell\" ><div id=\"panel-w64142bf7dbbc8-0-0-0\" class=\"so-panel widget widget_media_image panel-first-child panel-last-child\" data-index=\"0\" ><img width=\"200\" height=\"300\" src=\"https:\/\/www.strauch-lu.de\/kommunal\/wp-content\/uploads\/sites\/3\/2023\/03\/Lea-Hartjes-200x300.jpg\" class=\"image wp-image-2667  attachment-medium size-medium\" alt=\"\" loading=\"lazy\" style=\"max-width: 100%; height: auto;\" srcset=\"https:\/\/www.strauch-lu.de\/kommunal\/wp-content\/uploads\/sites\/3\/2023\/03\/Lea-Hartjes-200x300.jpg 200w, https:\/\/www.strauch-lu.de\/kommunal\/wp-content\/uploads\/sites\/3\/2023\/03\/Lea-Hartjes-683x1024.jpg 683w, https:\/\/www.strauch-lu.de\/kommunal\/wp-content\/uploads\/sites\/3\/2023\/03\/Lea-Hartjes-768x1152.jpg 768w, https:\/\/www.strauch-lu.de\/kommunal\/wp-content\/uploads\/sites\/3\/2023\/03\/Lea-Hartjes.jpg 1000w\" sizes=\"(max-width: 200px) 100vw, 200px\" \/><\/div><\/div><div id=\"pgc-w64142bf7dbbc8-0-1\"  class=\"panel-grid-cell\" ><div id=\"panel-w64142bf7dbbc8-0-1-0\" class=\"so-panel widget widget_text panel-first-child panel-last-child\" data-index=\"1\" >\t\t\t<div class=\"textwidget\"><p>&nbsp;<\/p>\n<p><strong>Ihr Ansprechpartner<\/strong><\/p>\n<p>Lea Hartjes<\/p>\n<p><i class=\"icon-phone\" style=\"font-size:25px; color:#008d22;\"><\/i> 02824 9239-21<\/p>\n<\/div>\n\t\t<\/div><\/div><\/div><\/div><\/div><\/div><\/div><div id=\"pg-927-2\"  class=\"panel-grid panel-no-style\" ><div id=\"pgc-927-2-0\"  class=\"panel-grid-cell\" ><div id=\"panel-927-2-0-0\" class=\"so-panel widget widget_text panel-first-child\" data-index=\"4\" ><h3 class=\"widget-title\">Wir bieten zum 01. August 2023 einen Ausbildungsplatz als<\/h3>\t\t\t<div class=\"textwidget\"><\/div>\n\t\t<\/div><div id=\"panel-927-2-0-1\" class=\"so-panel widget widget_text panel-last-child\" data-index=\"5\" ><h3 class=\"widget-title\">KAUFMANN\/-FRAU F\u00dcR B\u00dcROMANAGEMENT (m\/w\/d)<\/h3>\t\t\t<div class=\"textwidget\"><p style=\"font-weight: 400;\">Die <strong>Johannes Jan\u00dfen GmbH &amp; Co. KG<\/strong> und die <strong>Agrar-Service Strauch GmbH<\/strong> sind landwirtschaftliche Lohnunternehmen sowie in der industriellen und kommunalen Landschaftspflege t\u00e4tig. Wir betreiben zusammen eine gro\u00dfe Palette an Dienstleistungen.<\/p>\n<p style=\"font-weight: 400;\">Von der Bodenbehandlung \u00fcber die Saat bis zur Ernte bieten wir ein breites Spektrum als Lohnunternehmen an. In der industriellen und kommunalen Landschaftspflege betreiben wir eine Menge an Dienstleistungen, wie beispielsweise die Bek\u00e4mpfung von Sch\u00e4dlingen. Dar\u00fcber hinaus bieten wir die manuelle und maschinelle sowie chemische Vegetationskontrolle an.<\/p>\n<p style=\"font-weight: 400;\"><strong>Das solltest Du mitbringen:<\/strong><\/p>\n<ul>\n<li>mittlerer Schulabschluss oder Fachhochschulreife<\/li>\n<li>gute Deutschkenntnisse in Wort und Schrift<\/li>\n<li>Kenntnisse der g\u00e4ngigen MS-Office Programme<\/li>\n<li>PKW-F\u00fchrerschein (Klasse B)<\/li>\n<\/ul>\n<p style=\"font-weight: 400;\"><strong>Das bieten wir Dir:<\/strong><\/p>\n<ul>\n<li>eine interessante und fundierte Ausbildung in <em>zwei Betrieben, welche im Wechsel stattfindet<\/em><\/li>\n<li>eine intensive Betreuung w\u00e4hrend der gesamten Ausbildungszeit<\/li>\n<li>volle Integration in den B\u00fcroablauf<\/li>\n<\/ul>\n<p>&nbsp;<\/p>\n<p style=\"font-weight: 400;\"><strong>Haben wir Dein Interesse geweckt?<\/strong><\/p>\n<p style=\"font-weight: 400;\">Dann \u00fcbersende uns bitte Deine Bewerbungsunterlagen elektronisch als PDF-Dokument, an <a href=\"mailto:bewerbung@johannes-janssen.com\">bewerbung@johannes-janssen.com<\/a>\u00a0oder schriftlich an\u00a0Johannes Jan\u00dfen GmbH &amp; Co. KG, Greilack 65, 47546 Kalkar-Niederm\u00f6rmter.<\/p>\n<p style=\"font-weight: 400;\">\n<\/div>\n\t\t<\/div><\/div><\/div><div id=\"pg-927-3\"  class=\"panel-grid panel-no-style\" ><div id=\"pgc-927-3-0\"  class=\"panel-grid-cell\" ><div id=\"panel-927-3-0-0\" class=\"so-panel widget widget_text panel-first-child\" data-index=\"6\" ><h3 class=\"widget-title\">Wir bieten ab sofort einen feste Vollzeitanstellung als<\/h3>\t\t\t<div class=\"textwidget\"><\/div>\n\t\t<\/div><div id=\"panel-927-3-0-1\" class=\"so-panel widget widget_text panel-last-child\" data-index=\"7\" ><h3 class=\"widget-title\">Garten- und Landschaftspfleger\/in (m\/w\/d)<\/h3>\t\t\t<div class=\"textwidget\"><p>fu\u0308r kommunale Landschaftspflegearbeiten<br \/>\n(gerne auch Quereinsteiger)<\/p>\n<p>Ihr zuverl\u00e4ssiger Partner: Johannes Jan\u00dfen GmbH &amp; Co. KG. Ob als landwirtschaftliches Lohnunternehmen\u00a0oder in der industriellen und kommunalen Landschaftspflege. Wir betreiben eine\u00a0gro\u00dfe Palette an Dienstleistungen.\u00a0Im Umkreis liegend sind wir im Bereich kommunaler Landschaftspflege t\u00e4tig. Unsere Dienstleistungsschwerpunkte\u00a0sind dabei Baumf\u00e4llungen, Pflanzungen und Begru\u0308nungen sowie M\u00e4h- und\u00a0Pflegearbeiten aller Art.<\/p>\n<p><strong>Das sind Ihre Aufgaben:<\/strong><\/p>\n<ul>\n<li>Pflegen von Gru\u0308nanlagen<\/li>\n<li>Pflanzarbeiten<\/li>\n<li>Baum-und Geh\u00f6lzpflege<\/li>\n<li>Baumf\u00e4llungen<\/li>\n<\/ul>\n<p><strong>Folgende Vorraussetzungen sollten Sie mitbringen:<\/strong><\/p>\n<ul>\n<li>Idealerweise Ausbildung zum G\u00e4rtner<\/li>\n<li>Mehrj\u00e4hrige Erfahrung in der gru\u0308nen Branche<\/li>\n<li>Pflanzenkenntnisse<\/li>\n<li>PKW-Fu\u0308hrerschein (mind. Klasse B), wu\u0308nschenswert BE<\/li>\n<li>Erfahrung im Umgang mit Maschinen und Ger\u00e4ten, z.B. Gro\u00dffl\u00e4chenm\u00e4her und Freischneider<\/li>\n<\/ul>\n<p><strong>Das bieten wir Ihnen:<\/strong><\/p>\n<ul>\n<li>Unbefristetes Arbeitsverh\u00e4ltnis mit einer leistungsgerechten Vergu\u0308tung<\/li>\n<li>Aufstiegsm\u00f6glichkeiten, z.B. zum Vorarbeiter<\/li>\n<li>Sichere Besch\u00e4ftigung auch in der Nebensaison<\/li>\n<li>Interessante und anspruchsvolle Projekte<\/li>\n<li>Motiviertes Team<\/li>\n<li>Hochwertige Arbeitskleidung und professionelle Arbeitsmittel<\/li>\n<li>Bei Eignung und Interesse regelm\u00e4\u00dfige Schulungs- sowie Weiterbildungsm\u00f6glichkeiten<\/li>\n<\/ul>\n<p>&nbsp;<\/p>\n<p><strong>Haben wir Ihr Interesse geweckt?<\/strong><\/p>\n<p>Dann u\u0308bersenden Sie uns bitte Ihre Bewerbungsunterlagen elektronisch als PDF-Dokument ein,\u00a0an <a href=\"mailto:bewerbung@johannes-janssen.com\">bewerbung@johannes-janssen.com<\/a> oder schriftlich an\u00a0Johannes Jan\u00dfen GmbH &amp; Co. KG, Greilack 65, 47546 Kalkar-Niederm\u00f6rmter.<\/p>\n<\/div>\n\t\t<\/div><\/div><\/div><div id=\"pg-927-4\"  class=\"panel-grid panel-no-style\" ><div id=\"pgc-927-4-0\"  class=\"panel-grid-cell\" ><div id=\"panel-927-4-0-0\" class=\"so-panel widget widget_text panel-first-child\" data-index=\"8\" ><h3 class=\"widget-title\">Wir bieten ab sofort einen feste Vollzeitanstellung als<\/h3>\t\t\t<div class=\"textwidget\"><\/div>\n\t\t<\/div><div id=\"panel-927-4-0-1\" class=\"so-panel widget widget_text panel-last-child\" data-index=\"9\" ><h3 class=\"widget-title\">Zweiwegebaggerfahrer\/-in \/ Triebfahrzeugf\u00fchrer\/-in (m\/w\/d)<\/h3>\t\t\t<div class=\"textwidget\"><p>Ihr zuverl\u00e4ssiger Partner: Johannes Jan\u00dfen GmbH &amp; Co. KG. Ob als landwirtschaftliches Lohnunternehmen\u00a0oder in der industriellen und kommunalen Landschaftspflege. Wir betreiben eine gro\u00dfe Palette an Dienstleistungen.\u00a0Bundesweit, so wie auch im grenznahen Ausland, sind wir im Bereich industrieller und kommunaler Landschaftspflege\u00a0t\u00e4tig. Unsere Dienstleistungsschwerpunkte sind dabei Arbeiten im Gleisbereich, wie zum Beispiel,\u00a0maschineller und manueller Geh\u00f6lzru\u0308ckschnitt, chemische Vegetationskontrolle und vieles mehr.<\/p>\n<p>Unsere Auftraggeber sind u. a. die \u00f6ffentliche Hand, Industrieunternehmen, Energieversorger, die Deutsche\u00a0Bahn AG sowie private und \u00f6ffentliche Eisenbahn- und Gleisbetreiber.<\/p>\n<p><strong>Das sind Ihre Aufgaben:<\/strong><\/p>\n<ul>\n<li>Vorschriftsm\u00e4\u00dfige und sichere Bedienung von Zweiwegebaggern und\/oder Zweiwege-Unimog bei Vegetationsarbeiten\u00a0im Gleis<\/li>\n<li>Durchfu\u0308hrung von Bremsproben und den wagentechnischen Untersuchungen<\/li>\n<li>Vorbereitung sowie Durchfu\u0308hrung von Sperr- und Rangierfahrten<\/li>\n<li>Sichere, pu\u0308nktliche und wirtschaftliche Sperrfahrten (Zugfahrten) von Rangierfahrten mit dem Zweiwegebagger<\/li>\n<li>Umsetzung geltender Sicherheitsvorschriften und Beachtung des Regelwerks der DB AG<\/li>\n<li>Selbstst\u00e4ndiges Anfahren der Einsatzorte<\/li>\n<\/ul>\n<p><strong>Folgende Vorraussetzungen sollten Sie mitbringen:<\/strong><\/p>\n<ul>\n<li>Abgeschlossene Berufsausbildung zum Bauger\u00e4tefu\u0308hrer\/Bauger\u00e4tefu\u0308hrerin oder eine vergleichbare\u00a0Ausbildung<\/li>\n<li>Abgeschlossene Ausbildung nach TfV (Triebfahrzeugfu\u0308hrerscheinverordnung) Klasse B Vorrausetzung,\u00a0C\/CE Fu\u0308hrerschein wu\u0308nschenswert<\/li>\n<li>Ausbildung zum\/zur Wagenpru\u0308fer\/Wagenpru\u0308ferin und Bremsprobenberechtigung sind von Vorteil<\/li>\n<li>Nachweis der gesundheitlichen und psychologischen Eignung<\/li>\n<li>Bereitschaft zur gelegentlichen Arbeit au\u00dferhalb der Regelarbeitszeit<\/li>\n<li>Pr\u00e4zise, selbstst\u00e4ndige und teamorientierte Arbeitsweise<\/li>\n<\/ul>\n<p><strong>Das bieten wir Ihnen:<\/strong><\/p>\n<ul>\n<li>Interessante und anspruchsvolle Projekte<\/li>\n<li>Motiviertes Team<\/li>\n<li>sichere Besch\u00e4ftigung auch in der Nebensaison<\/li>\n<li>unbefristetes Arbeitsverh\u00e4ltnis mit einer leistungsgerechten Vergu\u0308tung<\/li>\n<li>vollumf\u00e4ngliche Montageausl\u00f6se<\/li>\n<li>betriebliche Gesundheitsmanagement sowie eine betriebliche Altersvorsorge<\/li>\n<li>Unterstu\u0308tzung bei Aus- und Weiterbildungen, ggf. Fu\u0308hrerschein Qualifikationen<\/li>\n<\/ul>\n<p>&nbsp;<\/p>\n<p><strong>Haben wir Ihr Interesse geweckt?<\/strong><\/p>\n<p>Dann u\u0308bersenden Sie uns bitte Ihre Bewerbungsunterlagen elektronisch als PDF-Dokument ein,\u00a0an <a href=\"mailto:bewerbung@johannes-janssen.com\">bewerbung@johannes-janssen.com<\/a> oder schriftlich an\u00a0Johannes Jan\u00dfen GmbH &amp; Co. KG, Greilack 65, 47546 Kalkar-Niederm\u00f6rmter.<\/p>\n<\/div>\n\t\t<\/div><\/div><\/div><\/div>","protected":false},"excerpt":{"rendered":"<p>Wir suchen laufend motivierte, qualifizierte und erfahrene Mitarbeiter\/innen f\u00fcr unser Team. Sie sind &#8211;\u00a0Garten- und Landschaftspfleger\/-in &#8211; Zweiwegebaggerfahrer\/-in \/ Triebfahrzeugf\u00fchrer\/-in Dann senden Sie uns Ihre Initiativbewerbung zu: bewerbung@johannes-janssen.com Sie haben Fragen zum Bewerbungsprozess oder unseren Stellenangeboten?<\/p>\n","protected":false},"author":1,"featured_media":0,"parent":0,"menu_order":9,"comment_status":"closed","ping_status":"closed","template":"page-fullwidth.php","meta":{"kt_blocks_editor_width":""},"yoast_head":"<!-- This site is optimized with the Yoast SEO plugin v20.2.1 - https:\/\/yoast.com\/wordpress\/plugins\/seo\/ -->\n<title>Jobs \/ Stellenangebote - Lohnunternehmen Agrar Service Strauch GmbH<\/title>\n<meta name=\"description\" content=\"Verst\u00e4rken Sie unser Team! Als landwirtschaftliches und kommunales Lohnunternehmen suchen wir st\u00e4ndig zuverl\u00e4ssige, motivierte und erfahrene Mitarbeiter. Werden Sie Teil unserer Teams. Wir freuen uns auf Ihre Initiativbewerbung.\" \/>\n<meta name=\"robots\" content=\"index, follow, max-snippet:-1, max-image-preview:large, max-video-preview:-1\" \/>\n<link rel=\"canonical\" href=\"https:\/\/www.strauch-lu.de\/kommunal\/jobs\/\" \/>\n<meta property=\"og:locale\" content=\"de_DE\" \/>\n<meta property=\"og:type\" content=\"article\" \/>\n<meta property=\"og:title\" content=\"Jobs \/ Stellenangebote - Lohnunternehmen Agrar Service Strauch GmbH\" \/>\n<meta property=\"og:description\" content=\"Verst\u00e4rken Sie unser Team! Als landwirtschaftliches und kommunales Lohnunternehmen suchen wir st\u00e4ndig zuverl\u00e4ssige, motivierte und erfahrene Mitarbeiter. Werden Sie Teil unserer Teams. Wir freuen uns auf Ihre Initiativbewerbung.\" \/>\n<meta property=\"og:url\" content=\"https:\/\/www.strauch-lu.de\/kommunal\/jobs\/\" \/>\n<meta property=\"og:site_name\" content=\"Johannes Jan\u00dfen\" \/>\n<meta property=\"article:modified_time\" content=\"2023-03-17T09:01:06+00:00\" \/>\n<meta name=\"twitter:card\" content=\"summary_large_image\" \/>\n<meta name=\"twitter:label1\" content=\"Gesch\u00e4tzte Lesezeit\" \/>\n\t<meta name=\"twitter:data1\" content=\"4\u00a0Minuten\" \/>\n<script type=\"application\/ld+json\" class=\"yoast-schema-graph\">{\"@context\":\"https:\/\/schema.org\",\"@graph\":[{\"@type\":\"WebPage\",\"@id\":\"https:\/\/www.strauch-lu.de\/kommunal\/jobs\/\",\"url\":\"https:\/\/www.strauch-lu.de\/kommunal\/jobs\/\",\"name\":\"Jobs \/ Stellenangebote - Lohnunternehmen Agrar Service Strauch GmbH\",\"isPartOf\":{\"@id\":\"https:\/\/www.strauch-lu.de\/kommunal\/#website\"},\"datePublished\":\"2018-02-27T08:58:45+00:00\",\"dateModified\":\"2023-03-17T09:01:06+00:00\",\"description\":\"Verst\u00e4rken Sie unser Team! Als landwirtschaftliches und kommunales Lohnunternehmen suchen wir st\u00e4ndig zuverl\u00e4ssige, motivierte und erfahrene Mitarbeiter. Werden Sie Teil unserer Teams. Wir freuen uns auf Ihre Initiativbewerbung.\",\"breadcrumb\":{\"@id\":\"https:\/\/www.strauch-lu.de\/kommunal\/jobs\/#breadcrumb\"},\"inLanguage\":\"de\",\"potentialAction\":[{\"@type\":\"ReadAction\",\"target\":[\"https:\/\/www.strauch-lu.de\/kommunal\/jobs\/\"]}]},{\"@type\":\"BreadcrumbList\",\"@id\":\"https:\/\/www.strauch-lu.de\/kommunal\/jobs\/#breadcrumb\",\"itemListElement\":[{\"@type\":\"ListItem\",\"position\":1,\"name\":\"Startseite\",\"item\":\"https:\/\/www.strauch-lu.de\/kommunal\/\"},{\"@type\":\"ListItem\",\"position\":2,\"name\":\"Jobs\"}]},{\"@type\":\"WebSite\",\"@id\":\"https:\/\/www.strauch-lu.de\/kommunal\/#website\",\"url\":\"https:\/\/www.strauch-lu.de\/kommunal\/\",\"name\":\"Johannes Jan\u00dfen\",\"description\":\"Ein Unternehmen der Strauch-Gruppe\",\"potentialAction\":[{\"@type\":\"SearchAction\",\"target\":{\"@type\":\"EntryPoint\",\"urlTemplate\":\"https:\/\/www.strauch-lu.de\/kommunal\/?s={search_term_string}\"},\"query-input\":\"required name=search_term_string\"}],\"inLanguage\":\"de\"}]}<\/script>\n<!-- \/ Yoast SEO plugin. -->","yoast_head_json":{"title":"Jobs \/ Stellenangebote - Lohnunternehmen Agrar Service Strauch GmbH","description":"Verst\u00e4rken Sie unser Team! Als landwirtschaftliches und kommunales Lohnunternehmen suchen wir st\u00e4ndig zuverl\u00e4ssige, motivierte und erfahrene Mitarbeiter. Werden Sie Teil unserer Teams. Wir freuen uns auf Ihre Initiativbewerbung.","robots":{"index":"index","follow":"follow","max-snippet":"max-snippet:-1","max-image-preview":"max-image-preview:large","max-video-preview":"max-video-preview:-1"},"canonical":"https:\/\/www.strauch-lu.de\/kommunal\/jobs\/","og_locale":"de_DE","og_type":"article","og_title":"Jobs \/ Stellenangebote - Lohnunternehmen Agrar Service Strauch GmbH","og_description":"Verst\u00e4rken Sie unser Team! Als landwirtschaftliches und kommunales Lohnunternehmen suchen wir st\u00e4ndig zuverl\u00e4ssige, motivierte und erfahrene Mitarbeiter. Werden Sie Teil unserer Teams. Wir freuen uns auf Ihre Initiativbewerbung.","og_url":"https:\/\/www.strauch-lu.de\/kommunal\/jobs\/","og_site_name":"Johannes Jan\u00dfen","article_modified_time":"2023-03-17T09:01:06+00:00","twitter_card":"summary_large_image","twitter_misc":{"Gesch\u00e4tzte Lesezeit":"4\u00a0Minuten"},"schema":{"@context":"https:\/\/schema.org","@graph":[{"@type":"WebPage","@id":"https:\/\/www.strauch-lu.de\/kommunal\/jobs\/","url":"https:\/\/www.strauch-lu.de\/kommunal\/jobs\/","name":"Jobs \/ Stellenangebote - Lohnunternehmen Agrar Service Strauch GmbH","isPartOf":{"@id":"https:\/\/www.strauch-lu.de\/kommunal\/#website"},"datePublished":"2018-02-27T08:58:45+00:00","dateModified":"2023-03-17T09:01:06+00:00","description":"Verst\u00e4rken Sie unser Team! Als landwirtschaftliches und kommunales Lohnunternehmen suchen wir st\u00e4ndig zuverl\u00e4ssige, motivierte und erfahrene Mitarbeiter. Werden Sie Teil unserer Teams. Wir freuen uns auf Ihre Initiativbewerbung.","breadcrumb":{"@id":"https:\/\/www.strauch-lu.de\/kommunal\/jobs\/#breadcrumb"},"inLanguage":"de","potentialAction":[{"@type":"ReadAction","target":["https:\/\/www.strauch-lu.de\/kommunal\/jobs\/"]}]},{"@type":"BreadcrumbList","@id":"https:\/\/www.strauch-lu.de\/kommunal\/jobs\/#breadcrumb","itemListElement":[{"@type":"ListItem","position":1,"name":"Startseite","item":"https:\/\/www.strauch-lu.de\/kommunal\/"},{"@type":"ListItem","position":2,"name":"Jobs"}]},{"@type":"WebSite","@id":"https:\/\/www.strauch-lu.de\/kommunal\/#website","url":"https:\/\/www.strauch-lu.de\/kommunal\/","name":"Johannes Jan\u00dfen","description":"Ein Unternehmen der Strauch-Gruppe","potentialAction":[{"@type":"SearchAction","target":{"@type":"EntryPoint","urlTemplate":"https:\/\/www.strauch-lu.de\/kommunal\/?s={search_term_string}"},"query-input":"required name=search_term_string"}],"inLanguage":"de"}]}},"_links":{"self":[{"href":"https:\/\/www.strauch-lu.de\/kommunal\/wp-json\/wp\/v2\/pages\/927"}],"collection":[{"href":"https:\/\/www.strauch-lu.de\/kommunal\/wp-json\/wp\/v2\/pages"}],"about":[{"href":"https:\/\/www.strauch-lu.de\/kommunal\/wp-json\/wp\/v2\/types\/page"}],"author":[{"embeddable":true,"href":"https:\/\/www.strauch-lu.de\/kommunal\/wp-json\/wp\/v2\/users\/1"}],"replies":[{"embeddable":true,"href":"https:\/\/www.strauch-lu.de\/kommunal\/wp-json\/wp\/v2\/comments?post=927"}],"version-history":[{"count":75,"href":"https:\/\/www.strauch-lu.de\/kommunal\/wp-json\/wp\/v2\/pages\/927\/revisions"}],"predecessor-version":[{"id":2805,"href":"https:\/\/www.strauch-lu.de\/kommunal\/wp-json\/wp\/v2\/pages\/927\/revisions\/2805"}],"wp:attachment":[{"href":"https:\/\/www.strauch-lu.de\/kommunal\/wp-json\/wp\/v2\/media?parent=927"}],"curies":[{"name":"wp","href":"https:\/\/api.w.org\/{rel}","templated":true}]}}